onvert -10011010 (base 2) to base 12.
-10a
-3 (base 13) to base 4
-3
Convert -8 (base 13) to base 7.
-11
Convert -18 (base 16) to base 9.
-26
-2 (base 13) to base 6
-2
Convert 226 (base 9) to base 3.
20220
Convert 5 (base 12) to base 13.
5
What is -20 (base 5) in base 10?
-10
28 (base 9) to base 6
42
What is 7 (base 16) in base 2?
111
What is 2 (base 7) in base 16?
2
What is -6c (base 13) in base 8?
-132
-5 (base 15) to base 5
-10
2133 (base 4) to base 8
237
What is 110000111 (base 2) in base 9?
474
What is 64 (base 13) in base 14?
5c
What is 62 (base 14) in base 2?
1010110
Convert 4 (base 15) to base 5.
4
-52 (base 14) to base 7
-132
73 (base 15) to base 6
300
What is -1f (base 16) in base 11?
-29
What is -10 (base 5) in base 3?
-12
47 (base 9) to base 2
101011
301 (base 4) to base 5
144
Convert 7 (base 12) to base 6.
11
What is 10 (base 6) in base 9?
6
What is 22101 (base 3) in base 6?
1014
Convert 120 (base 6) to base 9.
53
What is -2 (base 10) in base 7?
-2
Convert 2d (base 14) to base 4.
221
Convert 110 (base 5) to base 8.
36
What is -105 (base 14) in base 2?
-11001001
What is -3 (base 8) in base 3?
-10
Convert -18 (base 9) to base 7.
-23
Convert 30 (base 5) to base 12.
13
9 (base 10) to base 3
100
Convert a (base 12) to base 11.
a
What is 253 (base 6) in base 8?
151
-104 (base 6) to base 11
-37
Convert -3 (base 11) to base 8.
-3
3 (base 15) to base 13
3
13 (base 6) to base 15
9
Convert -117 (base 8) to base 5.
-304
-122 (base 3) to base 8
-21
-31 (base 13) to base 8
-50
4 (base 14) to base 12
4
What is -5 (base 7) in base 16?
-5
23 (base 11) to base 7
34
10220 (base 3) to base 13
81
What is -11 (base 3) in base 12?
-4
-31 (base 5) to base 7
-22
1 (base 15) to base 8
1
What is 10 (base 2) in base 15?
2
Convert 4 (base 5) to base 11.
4
-10 (base 3) to base 7
-3
17 (base 14) to base 10
21
Convert 1b (base 12) to base 13.
1a
What is 11 (base 7) in base 3?
22
What is 2 (base 10) in base 9?
2
4 (base 15) to base 16
4
Convert 1 (base 3) to base 7.
1
-110001 (base 2) to base 4
-301
31 (base 12) to base 5
122
What is 10 (base 2) in base 9?
2
What is 0 (base 2) in base 6?
0
Convert 21 (base 3) to base 7.
10
7 (base 13) to base 14
7
What is -10001011 (base 2) in base 10?
-139
What is -1 (base 12) in base 4?
-1
Convert 2 (base 7) to base 2.
10
Convert -28 (base 14) to base 15.
-26
Convert 1 (base 2) to base 5.
1
-36 (base 12) to base 11
-39
Convert -2b (base 13) to base 8.
-45
Convert -1 (base 13) to base 8.
-1
Convert 1 (base 2) to base 5.
1
Convert 0 (base 13) to base 12.
0
Convert 2 (base 7) to base 16.
2
-11 (base 2) to base 4
-3
Convert 5 (base 13) to base 14.
5
What is 21 (base 8) in base 4?
101
7 (base 8) to base 6
11
Convert -1000 (base 3) to base 9.
-30
Convert 36 (base 12) to base 13.
33
-8 (base 13) to base 7
-11
What is -3 (base 15) in base 6?
-3
Convert 0 (base 16) to base 4.
0
Convert 1010 (base 2) to base 6.
14
4 (base 12) to base 13
4
What is c3 (base 14) in base 4?
2223
Convert -110 (base 3) to base 11.
-11
Convert -50 (base 9) to base 3.
-1200
Convert -14 (base 12) to base 2.
-10000
Convert 1320 (base 4) to base 11.
aa
What is -1030 (base 5) in base 7?
-260
What is -7 (base 16) in base 13?
-7
What is -242 (base 6) in base 3?
-10122
-a (base 16) to base 9
-11
What is 216 (base 7) in base 6?
303
What is -1043 (base 5) in base 13?
-b5
-22 (base 13) to base 2
-11100
1 (base 15) to base 10
1
100 (base 2) to base 9
4
-1 (base 15) to base 5
-1
Convert 0 (base 13) to base 3.
0
Convert -b2 (base 16) to base 3.
-20121
-1f (base 16) to base 5
-111
-46 (base 11) to base 15
-35
Convert 2 (base 3) to base 12.
2
What is 1 (base 4) in base 13?
1
What is -461 (base 8) in base 15?
-155
Convert -1 (base 9) to base 11.
-1
1221 (base 6) to base 11
254
-2 (base 9) to base 3
-2
-142 (base 10) to base 3
-12021
0 (base 3) to base 5
0
What is 3 (base 4) in base 5?
3
0 (base 6) to base 2
0
Convert 4 (base 8) to base 15.
4
11 (base 2) to base 16
3
What is -23 (base 4) in base 9?
-12
1 (base 6) to base 13
1
What is 0 (base 7) in base 6?
0
-6 (base 8) to base 13
-6
Convert 3 (base 8) to base 13.
3
Convert -10001 (base 2) to base 12.
-15
-2 (base 4) to base 14
-2
-12 (base 5) to base 8
-7
Convert 25 (base 12) to base 7.
41
3 (base 16) to base 10
3
What is -10 (base 3) in base 13?
-3
What is 3 (base 7) in base 12?
3
4b (base 13) to base 10
63
Convert 0 (base 2) to base 7.
0
What is 5 (base 15) in base 4?
11
Convert -4 (base 10) to base 11.
-4
What is 73 (base 10) in base 16?
49
-47 (base 13) to base 4
-323
Convert -a (base 13) to base 9.
-11
What is -110 (base 6) in base 9?
-46
66 (base 10) to base 15
46
What is 12 (base 15) in base 10?
17
What is b (base 13) in base 3?
102
-1 (base 16) to base 4
-1
What is -21 (base 7) in base 16?
-f
What is -2 (base 10) in base 15?
-2
-87 (base 15) to base 16
-7f
-3 (base 5) to base 3
-10
-3a (base 14) to base 11
-48
10 (base 14) to base 6
22
Convert 3 (base 4) to base 2.
11
What is 3 (base 11) in base 8?
3
What is -13 (base 10) in base 14?
-d
14 (base 16) to base 3
202
Convert 2b (base 13) to base 11.
34
Convert -95 (base 15) to base 11.
-118
What is 0 (base 14) in base 13?
0
Convert -b (base 16) to base 7.
-14
-2 (base 6) to base 15
-2
Convert -3 (base 4) to base 9.
-3
What is -1 (base 12) in base 4?
-1
22 (base 3) to base 7
11
Convert 4 (base 11) to base 12.
4
What is -12 (base 12) in base 16?
-e
111 (base 2) to base 7
10
1 (base 4) to base 2
1
1 (base 12) to base 15
1
What is 35 (base 8) in base 15?
1e
What is -4 (base 11) in base 2?
-100
200 (base 5) to base 2
110010
2 (base 4) to base 2
10
What is -1 (base 8) in base 4?
-1
3 (base 16) to base 12
3
Convert 166 (base 9) to base 5.
1031
What is 13 (base 13) in base 15?
11
242 (base 8) to base 16
a2
-2110 (base 4) to base 15
-9d
Convert 2 (base 11) to base 16.
2
-2 (base 8) to base 2
-10
24 (base 15) to base 5
114
Convert 6 (base 16) to base 4.
12
-3 (base 13) to base 14
-3
-39 (base 13) to base 11
-44
What is a2 (base 12) in base 7?
233
Convert 21 (base 6) to base 15.
d
What is 4 (base 15) in base 13?
4
What is -150 (base 6) in base 11?
-60
What is 34 (base 10) in base 13?
28
What is -10 (base 2) in base 10?
-2
-6 (base 16) to base 9
-6
What is 33 (base 6) in base 5?
41
Convert -4 (base 15) to base 7.
-4
Convert 4 (base 11) to base 14.
4
-6 (base 10) to base 11
-6
What is -4 (base 7) in base 9?
-4
2 (base 5) to base 10
2
20 (base 14) to base 12
24
41 (base 6) to base 3
221
What is -6 (base 8) in base 13?
-6
Convert -144 (base 10) to base 2.
-10010000
Convert 2 (base 10) to base 2.
10
Convert 4 (base 7) to base 14.
4
What is -506 (base 7) in base 2?
-11111011
What is 5 (base 14) in base 12?
5
20 (base 12) to base 16
18
Convert 19 (base 12) to base 5.
41
What is 1 (base 4) in base 16?
1
61 (base 7) to base 4
223
Convert -2 (base 7) to base 15.
-2
What is 0 (base 13) in base 9?
0
-25 (base 15) to base 7
-50
What is -8 (base 12) in base 4?
-20
-132 (base 10) to base 15
-8c
Convert 0 (base 14) to base 5.
0
What is -12 (base 10) in base 2?
-1100
What is -ba (base 15) in base 12?
-127
217 (base 13) to base 16
166
Convert 1 (base 9) to base 8.
1
Convert -35 (base 10) to base 9.
-38
Convert -26 (base 15) to base 12.
-30
Convert -22 (base 4) to base 14.
-a
What is 9 (base 10) in base 12?
9
What is -12200 (base 3) in base 15?
-a3
-c0 (base 15) to base 6
-500
1110110 (base 2) to base 5
433
-23 (base 6) to base 4
-33
What is 0 (base 12) in base 16?
0
What is 5 (base 6) in base 16?
5
What is 12 (base 7) in base 15?
9
-3 (base 9) to base 11
-3
What is -121 (base 4) in base 9?
-27
1 (base 9) to base 12
1
What is 9 (base 16) in base 13?
9
-87 (base 13) to base 11
-a1
Convert -54 (base 6) to base 3.
-1021
6 (base 12) to base 11
6
What is 2 (base 13) in base 5?
2
-11 (base 6) to base 4
-13
Convert -38 (base 9) to base 11.
-32
Convert 3 (base 15) to base 13.
3
What is a (base 16) in base 3?
101
12101 (base 3) to base 12
101
100 (base 2) to base 6
4
Convert -101 (base 5) to base 15.
-1b
Convert -17 (base 13) to base 3.
-202
2111 (base 3) to base 4
1003
207 (base 12) to base 13
199
Convert 33 (base 4) to base 8.
17
-10011 (base 2) to base 13
-16
2 (base 3) to base 9
2
What is -1 (base 2) in base 6?
-1
What is 16 (base 9) in base 4?
33
Convert -53 (base 10) to base 6.
-125
Convert 0 (base 15)